{"id":14,"date":"2013-09-07T15:40:56","date_gmt":"2013-09-07T15:40:56","guid":{"rendered":"https:\/\/test.grandcommunications.com\/?page_id=14"},"modified":"2023-09-05T10:06:54","modified_gmt":"2023-09-05T14:06:54","slug":"testimonials","status":"publish","type":"page","link":"https:\/\/www.grandcommunications.com\/?page_id=14","title":{"rendered":"Testimonials"},"content":{"rendered":"<section class=\"wpb-content-wrapper\">[vc_row][vc_column width=&#8221;1\/2&#8243;][vc_column_text css_animation=&#8221;fadeInLeft&#8221;]\n<h1>\u201cPhenomenal! Thoughtful and captured the buzz of the show really well. Amazing!\u201d<\/h1>\n<p><span class=\"wpex-text-lg\">&#8211; Daniel Rattner, VP, Marketing, Guru Studio, on the AP feature on Pikwik Pack<\/span>[\/vc_column_text][\/vc_column][vc_column width=&#8221;1\/2&#8243;][vc_column_text css_animation=&#8221;fadeInRight&#8221;]\n<h1>\u201cHomerun! This campaign has had quality placements every week. Fantastic work!!!!!\u201d<\/h1>\n<p><span class=\"wpex-text-lg\">&#8211; Natasha Padilla, Director, Audience Engagement, WNET New York Public Media<\/span>[\/vc_column_text][\/vc_column][\/vc_row][vc_row][vc_column width=&#8221;1\/2&#8243;][vc_column_text css_animation=&#8221;fadeInUp&#8221;]\n<h1>\u201cThis list is very impressive! Thanks to you and the Grand Communications team for generating so much interest and coverage!\u201d<\/h1>\n<p><span class=\"wpex-text-lg\">&#8211; Sandy Rattley, Executive Producer, Director, Writer, UnladyLike2020<\/span>[\/vc_column_text][\/vc_column][vc_column width=&#8221;1\/2&#8243;][vc_column_text css_animation=&#8221;fadeInDown&#8221;]\n<h1>\u201cI&#8217;m blown away by the coverage, and I seriously had to count how many digits there were in the UVPM because I don&#8217;t think I&#8217;ve ever seen a number that large before! So impressive.\u201d<\/h1>\n<p><span class=\"wpex-text-lg\">&#8211; Suzanne Masri, Vice President, Marketing, Communications &amp; Engagement, Fred Rogers Productions, on coverage for Daniel Tiger\u2019s Neighborhood special created in response to Covid-19<\/span>[\/vc_column_text][\/vc_column][\/vc_row][vc_row][vc_column width=&#8221;1\/2&#8243;][vc_column_text css_animation=&#8221;fadeInLeft&#8221;]\n<h1>\u201cThis is wonderful. Thank you so much for the great work helping us tell this important story.\u201d<\/h1>\n<p><span class=\"wpex-text-lg\">&#8211; Maria Vera Whelan, Director, Marketing &amp; Communications, PBS KIDS, on the USA Today feature on Race &amp; Racism special, hosted by first national Youth Poet Laureate Amanda Gorman<\/span>[\/vc_column_text][\/vc_column][vc_column width=&#8221;1\/2&#8243;][vc_column_text css_animation=&#8221;fadeInRight&#8221;]\n<h1>\u201cA huge congrats to you and your team for the impressive PR launch for \u2018Gigantosaurus!\u2019\u201d<\/h1>\n<p><span class=\"wpex-text-lg\">&#8211; Dana Green, Vice President, Communications, Disney Channels<\/span>[\/vc_column_text][\/vc_column][\/vc_row][vc_row][vc_column width=&#8221;1\/2&#8243;][vc_column_text css_animation=&#8221;fadeInRight&#8221;]\n<h1>\u201cIt was truly a special and once-in-a-blue-moon experience for us. Reading\/hearing the feedback from so many people \u2013 both fans and the media \u2013 was incredibly moving. Many thanks for everything you and Team Grand have done to make the 50th anniversary of Mister Rogers\u2019 Neighborhood so golden, this is just the cherry on top!\u201d<\/h1>\n<p><span class=\"wpex-text-lg\">&#8211; Suzanne Masri, Director, Marketing &amp; Communications, Fred Rogers Productions, on the Google Doodle honoring the Mister Rogers<\/span>[\/vc_column_text][\/vc_column][vc_column width=&#8221;1\/2&#8243;][vc_column_text css_animation=&#8221;fadeInUp&#8221;]\n<h1>\u201cThe Grand team continues to do an absolutely exceptional job in securing coverage and growing our social presence. Thanks to all for the continued robust efforts, we are very pleased.\u201d<\/h1>\n<p><span class=\"wpex-text-lg\">&#8211; Jessica Gavin, VP, Marketing &amp; Licensing, TCG Toys<\/span>[\/vc_column_text][\/vc_column][\/vc_row][vc_row][vc_column width=&#8221;1\/2&#8243;][vc_column_text css_animation=&#8221;fadeInDown&#8221;]\n<h1>\u201cCongrats, this is a beautiful piece\u2026. Great work.\u201d<\/h1>\n<p><span class=\"wpex-text-lg\">&#8211; Pierre Sissmann, President, Cyber Group Studios, on the Forbes.com feature on Gigantosaurus<\/span>[\/vc_column_text][\/vc_column][vc_column width=&#8221;1\/2&#8243;][vc_column_text css_animation=&#8221;fadeInLeft&#8221;]\n<h1>\u201cI just want to take a quick moment to share my gratitude and offer a heartfelt thanks! On the PR side, the coverage was wonderful\u2026.the story seems to be engaging audiences exactly the way we had hoped\u2026. Excelsior!\u201d<\/h1>\n<p><span class=\"wpex-text-lg\">&#8211; Michael Kantor, Executive Producer, American Masters, Thirteen\/WNET, on media and influencer attention for \u201cSammy Davis Jr.: I\u2019ve Gotta Be Me\u201d<\/span>[\/vc_column_text][\/vc_column][\/vc_row][vc_row][vc_column width=&#8221;1\/2&#8243;][vc_column_text css_animation=&#8221;fadeInLeft&#8221;]\n<h1>\u201cThese are really fantastic hits \u2013 great job Team Grand! P.S. I had non-toy world friends reach out to congratulate about the Forbes article\u2026 that proves how great the coverage is! Thanks for continuing to elevate the TCG profile through such stellar work.\u201d<\/h1>\n<p><span class=\"wpex-text-lg\">&#8211; Jessica Gavin, VP, Marketing &amp; Licensing, TCG Toys<\/span>[\/vc_column_text][\/vc_column][vc_column width=&#8221;1\/2&#8243;][vc_column_text css_animation=&#8221;fadeInRight&#8221;]\n<h1>\u201cKudos to you &amp; your team!!!!!\u201d<\/h1>\n<p><span class=\"wpex-text-lg\">&#8211; Natasha Padilla, Director, Audience Engagement, WNET, on the premiere of \u201cAmerican Masters: This is Bob Hope\u2026\u201d<\/span>[\/vc_column_text][\/vc_column][\/vc_row][vc_row][vc_column width=&#8221;1\/2&#8243;][vc_column_text css_animation=&#8221;fadeInDown&#8221;]\n<h1>\u201cThank you for all of your hard work throughout Toy Fair and beyond. We truly appreciate you! You were able to steer the spotlight our way even though we didn\u2019t have lots of news to talk about; that\u2019s impressive!\u201d<\/h1>\n<p><span class=\"wpex-text-lg\">&#8211; Kate Clark, Founder &amp; President, YOTTOY Productions, Inc.<\/span>[\/vc_column_text][\/vc_column][vc_column width=&#8221;1\/2&#8243;][vc_column_text css_animation=&#8221;fadeInRight&#8221;]\n<h1>\u201cWe can\u2019t thank you enough for all the hard work and effort you put into yesterday\u2019s Facebook Live. We couldn\u2019t have pulled this off without you.\u201d<\/h1>\n<p><span class=\"wpex-text-lg\">&#8211; Jamedra Brown Fleischman, Sr. Manager, Marketing &amp; Publicity, ITVS, on a Facebook Live event for the Independent Lens documentary, The Providers<\/span>[\/vc_column_text][\/vc_column][\/vc_row][vc_row][vc_column width=&#8221;1\/2&#8243;][vc_column_text css_animation=&#8221;fadeInLeft&#8221;]\n<h1>\u201cTHIS IS AMAZING! Thank you!\u201d<\/h1>\n<p><span class=\"wpex-text-lg\">&#8211; Fred Wong, Senior Director of Campaigns, ITVS, on coverage for the premiere of the Independent Lens documentary, The Providers<\/span>[\/vc_column_text][\/vc_column][vc_column width=&#8221;1\/2&#8243;][vc_column_text css_animation=&#8221;fadeInRight&#8221;]\n<h1>&#8220;I am really really pleased with these developments. This is exactly what our brand needs.&#8221;<\/h1>\n<p><span class=\"wpex-text-lg\">&#8211; Isaac Wolman, CEO, Make It Real on influencer traction and steadily rising numbers on social<\/span>[\/vc_column_text][\/vc_column][\/vc_row][vc_row][vc_column width=&#8221;1\/2&#8243;][vc_column_text css_animation=&#8221;fadeInUp&#8221;]\n<h1>\u201cMany thanks for the report, it\u2019s exactly what we needed! Paul [Siefken, President &amp; CEO] presented it to the board this morning and they were blown away by the efforts. Thanks for making the anniversary shine brightly in so many ways!!!\u201d<\/h1>\n<p><span class=\"wpex-text-lg\">&#8211; Suzanne Masri, Director, Marketing and Communications, Fred Rogers Productions, on team Grand\u2019s sweeping publicity campaign for the 50th anniversary of Mister Rogers\u2019 Neighborhood<\/span>[\/vc_column_text][\/vc_column][vc_column width=&#8221;1\/2&#8243;][vc_column_text css_animation=&#8221;fadeInLeft&#8221;]\n<h1>\u201cOur email boxes are filled with not only congratulations but also pitches, ideas, and people who want to meet! Thank you for landing this wide coverage. Great work!\u201d<\/h1>\n<p><span class=\"wpex-text-lg\">&#8211; Dete Meserve, Principal, Wind Dancer Films<\/span>[\/vc_column_text][\/vc_column][\/vc_row][vc_row][vc_column width=&#8221;1\/2&#8243;][vc_column_text css_animation=&#8221;fadeInLeft&#8221;]\n<h1>&#8220;A lovely article. Covered all the bear basics for sure. Thanks for organizing it to Alison. It&#8217;s grand.&#8221;<\/h1>\n<p><span class=\"wpex-text-lg\">&#8211; R.W. Alley, award-winning illustrator of Paddington Bear on extensive Forbes.com story pegged to the world-famous children&#8217;s brand&#8217;s 60th anniversary and first-ever U.S. exhibition at the Eric Carle Museum of Picture Book Art<\/span>[\/vc_column_text][\/vc_column][vc_column width=&#8221;1\/2&#8243;][vc_column_text css_animation=&#8221;fadeInRight&#8221;]\n<h1>\u201cWe at 100 Chickens love your whole team at Grand! You get the word out in such imaginative ways, you pounce on every possible opportunity for promotion&#8230;. Besides getting Peg attention, the love you show our work really moves and inspires us.\u201d<\/h1>\n<p><span class=\"wpex-text-lg\">&#8211; Billy Aronson (Rent, The Wonder Pets!) and Jen Oxley (The Wonder Pets!, Little Bill), creators of Emmy-winning series Peg + Cat<\/span>[\/vc_column_text][\/vc_column][\/vc_row][vc_row][vc_column width=&#8221;1\/2&#8243;][vc_column_text css_animation=&#8221;fadeInUp&#8221;]\n<h1>\u201cI want to say you guys rock. It\u2019s so great working with you.\u201d<\/h1>\n<p><span class=\"wpex-text-lg\">&#8211; George Cabico, Lead of Publicity, Original Series, Amazon Studios<\/span>[\/vc_column_text][\/vc_column][vc_column width=&#8221;1\/2&#8243;][vc_column_text css_animation=&#8221;fadeInDown&#8221;]\n<h1>\u201cThanks again for your help, looks like a great event and Twitter activity has spiked 2000%!\u201d<\/h1>\n<p><span class=\"wpex-text-lg\">&#8211; Kristie Brockett, Brand Manager, FremantleMedia Kids &amp; Family Entertainment<\/span>[\/vc_column_text][\/vc_column][\/vc_row][vc_row][vc_column width=&#8221;1\/2&#8243;][vc_column_text css_animation=&#8221;fadeInLeft&#8221;]\n<h1>\u201cYou all have done a fabulous job on promoting our program and the 50th anniversary! Today&#8217;s coverage in the NY Times was fabulous! It&#8217;s the best orchestrated and managed campaign I&#8217;ve ever seen or been a small part of. Please give yourselves a high five and tell everyone involved that the producers are very grateful for the excellent work!&#8221;<\/h1>\n<p><span class=\"wpex-text-lg\">&#8211; JoAnn Young, Young Productions, Inc., producer of PBS retrospective special, MISTER ROGERS: It\u2019s You I Like, starring Michael Keaton, Sarah Silverman, Yo-Yo Ma, and more<\/span>[\/vc_column_text][\/vc_column][vc_column width=&#8221;1\/2&#8243;][vc_column_text css_animation=&#8221;fadeInRight&#8221;]\n<h1>\u201cYou have such a great reputation in the industry, it seems like every time your name comes up people were gushing over you.\u201d<\/h1>\n<p><span class=\"wpex-text-lg\">&#8211; Kristin Lecour, Vice President, Consumer Products, 9 Story Media Group<\/span>[\/vc_column_text][\/vc_column][\/vc_row][vc_row][vc_column width=&#8221;1\/2&#8243;][vc_column_text css_animation=&#8221;fadeInRight&#8221;]\n<h1>\u201cMany thanks for your incredible work, which has contributed to the strong viewership and fandom! Team Grand certainly deserves a ton of credit for making Daniel the #1 PBS KIDS show.\u201d<\/h1>\n<p><span class=\"wpex-text-lg\">&#8211; Suzanne Masri, Director, Marketing and Communications, Fred Rogers Co.<\/span>[\/vc_column_text][\/vc_column][vc_column width=&#8221;1\/2&#8243;][vc_column_text css_animation=&#8221;fadeInLeft&#8221;]\n<h1>\u201cAnother outstanding job by the fine folks at Grand Communications.\u201d<\/h1>\n<p><span class=\"wpex-text-lg\">&#8211; David Butler, Director, Corporate Affairs, XM Satellite Radio<\/span>[\/vc_column_text][\/vc_column][\/vc_row][vc_row][vc_column width=&#8221;1\/2&#8243;][vc_column_text css_animation=&#8221;fadeInLeft&#8221;]\n<h1>\u201cThis is all fantastic \u2013 I have forwarded this along to Martin and Chris and they are so happy with all of the coverage we have already received!\u201d<\/h1>\n<p><span class=\"wpex-text-lg\">&#8211; Najwa Farhat, Live Tour Director, Wild Kratts Live!, Kratt Brothers Company<\/span>[\/vc_column_text][\/vc_column][vc_column width=&#8221;1\/2&#8243;][vc_column_text css_animation=&#8221;fadeInRight&#8221;]\n<h1>\u201cThe team here is FREAKING out with excitement and we all know this was [founder and CEO] Wehun\u2019s #1 goal. Amazing work!! In the internal email I gave all kudos to Grand :O) #bestteamever.\u201d<\/h1>\n<p><span class=\"wpex-text-lg\">&#8211; Charmaine D\u2019Silva, Senior Director, Partner Communications, Wishabi Inc., home of the Flipp shopping app<\/span>[\/vc_column_text][\/vc_column][\/vc_row][vc_row][vc_column width=&#8221;1\/2&#8243;][vc_column_text css_animation=&#8221;fadeInUp&#8221;]\n<h1>\u201cTHANK YOU for a wonderful job. Everyone here was so pleased\u2026.\u201d<\/h1>\n<p><span class=\"wpex-text-lg\">&#8211; Natasha Padilla, Associate Director, Audience Engagement, WNET, on the Grand team\u2019s work promoting launches of multiple new productions of the network\u2019s Emmy-winning series \u2013 from Great Performances and American Masters to Nature, Secrets of the Dead and more<\/span>[\/vc_column_text][\/vc_column][vc_column width=&#8221;1\/2&#8243;][vc_column_text css_animation=&#8221;fadeInRight&#8221;]\n<h1>\u201c\u2026just wanted to thank you thus far for the show. We\u2019ve gotten great coverage through Grand. Jaymie was a pleasure to have on the floor with us. She did amazing and made a big difference.\u201d<\/h1>\n<p><span class=\"wpex-text-lg\">&#8211; Ray Lee, CEO Raycon, the new lifestyle tech brand co-founded by rapper-turned-tech entrepreneur Ray J, on the company\u2019s launch at CES 2018<\/span>[\/vc_column_text][\/vc_column][\/vc_row][vc_row][vc_column width=&#8221;1\/2&#8243;][vc_column_text css_animation=&#8221;fadeInDown&#8221;]\n<h1>\u201cGrand is amazing. Alison, I thank you for your incredible work on our behalf.\u201d<\/h1>\n<p><span class=\"wpex-text-lg\">&#8211; Bill Isler, CEO, The Fred Rogers Company<\/span>[\/vc_column_text][\/vc_column][vc_column width=&#8221;1\/2&#8243;][vc_column_text css_animation=&#8221;fadeInLeft&#8221;]\n<h1>\u201cOinktastic! Thanks for all of the amazing recaps \u2013 such an impactful morning!!\u201d<\/h1>\n<p><span class=\"wpex-text-lg\">&#8211; Julie Powell Christopher, Vice President, Marketing \u2013 North America, Family &amp; Brands, Entertainment One on Peppa Pig\u2019s star turn on NBC\u2019s Today and on-set visit with host Savannah Guthrie and daughter Vale, reported on by People.com and beyond<\/span>[\/vc_column_text][\/vc_column][\/vc_row][vc_row][vc_column width=&#8221;1\/2&#8243;][vc_column_text css_animation=&#8221;fadeInLeft&#8221;]\n<h1>\u201cThis is fantastic coverage! Given the super-tight timeline, I wasn\u2019t sure what to expect and this exceeded my expectations. Kudos to you and your team on securing all of this coverage!\u201d<\/h1>\n<p><span class=\"wpex-text-lg\">&#8211; Lily Yan, Brand Director, Nelvana<\/span>[\/vc_column_text][\/vc_column][vc_column width=&#8221;1\/2&#8243;][vc_column_text css_animation=&#8221;fadeInRight&#8221;]\n<h1>\u201cThanks for all your help at CES. Grand did an outstanding job and we all know how hectic it was!\u201d<\/h1>\n<p><span class=\"wpex-text-lg\">&#8211; Jodi Sally, Vice President, Marketing, Coby Electronics<\/span>[\/vc_column_text][\/vc_column][\/vc_row][vc_row][vc_column width=&#8221;1\/2&#8243;][vc_column_text css_animation=&#8221;fadeInLeft&#8221;]\n<h1>\u201cPERFECT TIMING! This is the sort of publicity we are seeking for our titles. GREAT JOB \u2013 YOU MADE US ALL LOOK GREAT!\u201d<\/h1>\n<p><span class=\"wpex-text-lg\">&#8211; Jovi Stevenson, Director of Marketing, Gaiam<\/span>[\/vc_column_text][\/vc_column][vc_column width=&#8221;1\/2&#8243;][vc_column_text css_animation=&#8221;fadeInUp&#8221;]\n<h1>\u201cI opened the door this morn, picked up the paper, the biz and tech section fell out and there was the headline \u2013 Paddington Bear is Back Big Time! \u2013 and the article is the entire top half of the back page.\u201d<\/h1>\n<p><span class=\"wpex-text-lg\">&#8211; Kate Clark, President, YOTTOY Productions, on Wall Street Journal \u201cHow I Built It\u201d feature spotlighting the Paddington Bear licensee<\/span>[\/vc_column_text][\/vc_column][\/vc_row][vc_row][vc_column width=&#8221;1\/2&#8243;][vc_column_text css_animation=&#8221;fadeInLeft&#8221;]\n<h1>\u201cA TERRIFIC piece that does real justice to the brand and the efforts of all the key partners. Thanks so much to all who contributed, and of course well done, Alison and company!\u201d<\/h1>\n<p><span class=\"wpex-text-lg\">&#8211; Andrew Kerr, Head of Consumer Products, The Americas and Australasia, Nelvana Enterprises, on Babar Business Day feature in The New York Times<\/span>[\/vc_column_text][\/vc_column][vc_column width=&#8221;1\/2&#8243;][vc_column_text css_animation=&#8221;fadeInUp&#8221;]\n<h1>\u201cOver the super blue blood moon about NPR &amp; Salon \u2013 excellent work!!!!!!!\u201d<\/h1>\n<p><span class=\"wpex-text-lg\">&#8211; Natasha Padilla, Associate Director, Audience Engagement, WNET, on top-tier media coverage for Great Performances\u2014Nas, one of the latest installments of its Emmy-winning series<\/span>[\/vc_column_text][\/vc_column][\/vc_row][vc_row][vc_column width=&#8221;1\/2&#8243;][vc_column_text css_animation=&#8221;fadeInLeft&#8221;]\n<h1>\u201cGrand is on fire!! This is very helpful and I\u2019ve shared it with all my buyers. Keep up the great work.\u201d<\/h1>\n<p><span class=\"wpex-text-lg\">&#8211; Shawn Glyn, V.P. Of Sales &amp; Marketing, Jay at Play International, on J-Animals appearance on GMA and in BYOU magazine<\/span>[\/vc_column_text][\/vc_column][vc_column width=&#8221;1\/2&#8243;][vc_column_text css_animation=&#8221;fadeInUp&#8221;]\n<h1>&#8220;Thanks for this update. What a great response! This was a terrific idea and expertly executed.&#8221;<\/h1>\n<p><span class=\"wpex-text-lg\">&#8211; Paul Siefken, VP, Broadcast and Digital Media, The Fred Rogers Company, on \u201c12 Days of Daniel Giveaway\u201d Facebook promotion<\/span>[\/vc_column_text][\/vc_column][\/vc_row][vc_row][vc_column width=&#8221;1\/2&#8243;][vc_column_text css_animation=&#8221;fadeInLeft&#8221;]\n<h1>\u201cThe embedded, unlisted video has already racked up 76,000 views. So great to see this jumpstart before we\u2019ve even made the video public.\u201d<\/h1>\n<p><span class=\"wpex-text-lg\">&#8211; Eric Olson, Digital Producer, Nature on PBS, regarding exclusive \u201csneak peek\u201d clip on LiveScience from \u201cArtic Wolf Pack,\u201d a recent production of WNET\u2019s Emmy-winning series<\/span>[\/vc_column_text][\/vc_column][vc_column width=&#8221;1\/2&#8243;][vc_column_text css_animation=&#8221;fadeInUp&#8221;]\n<h1>\u201cThank you for all of your hard work and great results.\u201d<\/h1>\n<p><span class=\"wpex-text-lg\">&#8211; Sharon Philippart, Senior Director, PBS KIDS Marketing and Communications, PBS<\/span>[\/vc_column_text][\/vc_column][\/vc_row][vc_row][vc_column width=&#8221;1\/2&#8243;][vc_column_text css_animation=&#8221;fadeInLeft&#8221;]\n<h1>&#8220;You did great work on promoting the show to our many audiences, among them the Emmy voters!&#8221;<\/h1>\n<p><span class=\"wpex-text-lg\">\u2013 Richard Hudson, Twin Cities Public Television Executive Producer and head of the SciGirls creative team, on a trio of Daytime Emmy nominations for the PBS series for tween girls<\/span>[\/vc_column_text][\/vc_column][vc_column width=&#8221;1\/2&#8243;][vc_column_text css_animation=&#8221;fadeInUp&#8221;]\n<h1>\u201cGrand Communications has done a GRAND job on this program! I\u2019m sending your good news out to a broader audience\u2026. Our sales people will be taking it into a meeting tomorrow with their buyer\u2026 I can\u2019t tell you how ecstatic they are about the results! This is great stuff for them to leverage with our accounts.\u201d<\/h1>\n<p><span class=\"wpex-text-lg\">&#8211; Stacy Gabrielle, Manager, Public Relations, Binney &amp; Smith, Inc. (home of Crayola)<\/span>[\/vc_column_text][\/vc_column][\/vc_row][vc_row][vc_column width=&#8221;1\/2&#8243;][vc_column_text css_animation=&#8221;fadeInLeft&#8221;]\n<h1>\u201cThanks for the release \u2013 for your excellent phrase making, burst of energy and spirit. It is just what we need.\u201d<\/h1>\n<p><span class=\"wpex-text-lg\">&#8211; Bob Drew, American cin\u00e9ma-v\u00e9rit\u00e9 pioneer, Drew Associates<\/span>[\/vc_column_text][\/vc_column][vc_column width=&#8221;1\/2&#8243;][vc_column_text css_animation=&#8221;fadeInUp&#8221;]\n<h1>\u201cWe\u2019re pretty tickled about this incredible honor. Team Grand has done an incredible job of lifting our profile so that people take notice. It\u2019s been quite a year!\u201d<\/h1>\n<p><span class=\"wpex-text-lg\">&#8211; Suzanne Masri, Director, Marketing and Communications, Fred Rogers Productions, on team Grand&#8217;s sweeping publicity campaign for the 50th anniversary of Mister Rogers&#8217; Neighborhood and the company&#8217;s newly-earned Peabody Award<\/span>[\/vc_column_text][\/vc_column][\/vc_row][vc_row][vc_column width=&#8221;1\/2&#8243;][vc_column_text css_animation=&#8221;fadeInUp&#8221;]\n<h1>\u201cGrand Communications rocks.\u201d<\/h1>\n<p><span class=\"wpex-text-lg\">&#8211; Chance Patterson, VP, Corporate Affairs, XM Satellite Radio<\/span>[\/vc_column_text][\/vc_column][vc_column width=&#8221;1\/2&#8243;][vc_column_text css_animation=&#8221;fadeInDown&#8221;]\n<h1>\u201cJust wanted to send a huge THANK YOU for all the work you\u2019re doing on behalf of Happy Nappers, and by extension, the Children\u2019s Brain Tumor Foundation. I saw your placement in Newsday and was overjoyed\u2026. You\u2019ve not only helped CBTF extend the visibility, but for all the sales of Happy Nappers this promotion produced, you\u2019ve helped us monetarily as well.\u201d<\/h1>\n<p><span class=\"wpex-text-lg\">&#8211; Bob Budlow, CBTF Board Chair<\/span>[\/vc_column_text][\/vc_column][\/vc_row][vc_row][vc_column width=&#8221;1\/2&#8243;][vc_column_text css_animation=&#8221;fadeInUp&#8221;]\n<h1>\u201cI just wanted to thank you for the fantastic job you have been doing for Super WHY\/Out of the Blue. You have gotten such great press, including some very high-profile placements, and I wanted to acknowledge your successful efforts. Angela and I really appreciate everything you are doing for us and we\u2019re happy to have you on our team!\u201d<\/h1>\n<p><span class=\"wpex-text-lg\">&#8211; Samantha Freeman, Founder, Out of the Blue, and Co-Creator and Executive Producer, Super WHY<\/span>[\/vc_column_text][\/vc_column][vc_column width=&#8221;1\/2&#8243;][vc_column_text css_animation=&#8221;fadeInDown&#8221;]\n<h1>\u201cThis is outstanding! Thank you for compiling and for all the work along the way!\u201d<\/h1>\n<p><span class=\"wpex-text-lg\">&#8211; Amy Svireff, Assistant Marketing Manager, Anchor Bay Entertainment<\/span>[\/vc_column_text][\/vc_column][\/vc_row]\n<\/section>","protected":false},"excerpt":{"rendered":"<p>[vc_row][vc_column width=&#8221;1\/2&#8243;][vc_column_text css_animation=&#8221;fadeInLeft&#8221;] \u201cPhenomenal! Thoughtful and captured the buzz of the show really well. Amazing!\u201d &#8211; Daniel Rattner, VP, Marketing, Guru Studio, on the AP feature on Pikwik Pack[\/vc_column_text][\/vc_column][vc_column width=&#8221;1\/2&#8243;][vc_column_text css_animation=&#8221;fadeInRight&#8221;] \u201cHomerun! This campaign has had quality placements every week. Fantastic work!!!!!\u201d &#8211; Natasha Padilla, Director, Audience Engagement, WNET New York Public Media[\/vc_column_text][\/vc_column][\/vc_row][vc_row][vc_column width=&#8221;1\/2&#8243;][vc_column_text css_animation=&#8221;fadeInUp&#8221;]&hellip;<\/p>\n","protected":false},"author":1,"featured_media":0,"parent":0,"menu_order":4,"comment_status":"closed","ping_status":"closed","template":"","meta":{"footnotes":""},"class_list":["post-14","page","type-page","status-publish","hentry","entry","no-media"],"_links":{"self":[{"href":"https:\/\/www.grandcommunications.com\/index.php?rest_route=\/wp\/v2\/pages\/14","targetHints":{"allow":["GET"]}}],"collection":[{"href":"https:\/\/www.grandcommunications.com\/index.php?rest_route=\/wp\/v2\/pages"}],"about":[{"href":"https:\/\/www.grandcommunications.com\/index.php?rest_route=\/wp\/v2\/types\/page"}],"author":[{"embeddable":true,"href":"https:\/\/www.grandcommunications.com\/index.php?rest_route=\/wp\/v2\/users\/1"}],"replies":[{"embeddable":true,"href":"https:\/\/www.grandcommunications.com\/index.php?rest_route=%2Fwp%2Fv2%2Fcomments&post=14"}],"version-history":[{"count":10,"href":"https:\/\/www.grandcommunications.com\/index.php?rest_route=\/wp\/v2\/pages\/14\/revisions"}],"predecessor-version":[{"id":3093,"href":"https:\/\/www.grandcommunications.com\/index.php?rest_route=\/wp\/v2\/pages\/14\/revisions\/3093"}],"wp:attachment":[{"href":"https:\/\/www.grandcommunications.com\/index.php?rest_route=%2Fwp%2Fv2%2Fmedia&parent=14"}],"curies":[{"name":"wp","href":"https:\/\/api.w.org\/{rel}","templated":true}]}}